
3, 1291, 22039
What are the prime factors of 143014520?
2, 5, 11, 19, 17107
What are the prime factors of 486685798?
2, 19, 1621, 7901
What are the prime factors of 27657456?
2, 3, 31, 18587
List the prime factors of 55060904.
2, 6882613
What are the prime factors of 111988236?
2, 3, 9332353
List the prime factors of 228393643.
269, 849047
List the prime factors of 254411474.
2, 167, 761711
What are the prime factors of 50266115?
5, 19, 529117
List the prime factors of 120530056.
2, 53, 284269
What are the prime factors of 57782336?
2, 902849
List the prime factors of 2533731529.
7, 19, 79, 151, 1597
List the prime factors of 1178634916.
2, 1103, 267143
List the prime factors of 25764609.
3, 13, 281, 2351
List the prime factors of 6523367.
1777, 3671
List the prime factors of 48448160.
2, 5, 302801
What are the prime factors of 960358234?
2, 11, 109, 557, 719
What are the prime factors of 851376922?
2, 11, 4019, 9629
List the prime factors of 422376771.
3, 2621, 53717
What are the prime factors of 486328517?
5879, 82723
List the prime factors of 325737139.
7, 13, 3579529
What are the prime factors of 434821377?
3, 144940459
What are the prime factors of 427178567?
17, 191, 131561
What are the prime factors of 55996018?
2, 13, 2153693
List the prime factors of 177777737.
19, 9356723
List the prime factors of 33687423.
3, 7, 11, 48611
What are the prime factors of 1590486254?
2, 7, 113606161
What are the prime factors of 584439458?
2, 292219729
What are the prime factors of 1781036074?
2, 890518037
What are the prime factors of 4761880978?
2, 2380940489
What are the prime factors of 245441233?
245441233
What are the prime factors of 9325839?
3, 3108613
What are the prime factors of 15776193?
3, 5258731
List the prime factors of 131058206.
2, 101, 648803
List the prime factors of 3467701805.
5, 139, 4989499
What are the prime factors of 264398634?
2, 3, 263, 18617
What are the prime factors of 42164541?
3, 4684949
What are the prime factors of 52067834?
2, 7, 13, 73, 3919
List the prime factors of 18599537.
11, 19, 88993
What are the prime factors of 1641936166?
2, 13, 43, 1468637
List the prime factors of 43546336.
2, 37, 36779
List the prime factors of 118933916.
2, 29733479
What are the prime factors of 56712266?
2, 13, 41, 53201
List the prime factors of 937699183.
4721, 198623
What are the prime factors of 164250592?
2, 11, 19, 41, 599
List the prime factors of 45845803.
19, 373, 6469
What are the prime factors of 896766128?
2, 56047883
List the prime factors of 5883556207.
19, 409, 743, 1019
What are the prime factors of 80611944?
2, 3, 7, 479833
List the prime factors of 340702719.
3, 7, 16223939
What are the prime factors of 170492491?
13, 19, 23, 30011
List the prime factors of 576417539.
22777, 25307
What are the prime factors of 3447149758?
2, 13, 2593, 51131
What are the prime factors of 63448077?
3, 7, 11, 274667
What are the prime factors of 608948407?
31, 73, 269089
List the prime factors of 10113557.
43, 235199
What are the prime factors of 22931748?
2, 3, 7, 10111
List the prime factors of 58218932.
2, 2399, 6067
List the prime factors of 5858190.
2, 3, 5, 13, 1669
List the prime factors of 3766381548.
2, 3, 313865129
What are the prime factors of 688655574?
2, 3, 73, 97, 1801
What are the prime factors of 53196975?
3, 5, 13, 1399
List the prime factors of 6847076560.
2, 5, 47, 131, 13901
What are the prime factors of 464834821?
11, 42257711
What are the prime factors of 1255060378?
2, 11, 13, 89, 49307
List the prime factors of 2116827.
3, 78401
What are the prime factors of 295027607?
7, 42146801
List the prime factors of 319962861.
3, 35551429
What are the prime factors of 1166673170?
2, 5, 13, 8974409
What are the prime factors of 100409120?
2, 5, 7, 37, 2423
List the prime factors of 222570321.
3, 5783, 12829
List the prime factors of 227014785.
3, 5, 1681591
List the prime factors of 156133869.
3, 3533, 14731
List the prime factors of 591096882.
2, 3, 89, 1106923
List the prime factors of 35210617.
13, 2708509
What are the prime factors of 241589451?
3, 6553, 12289
List the prime factors of 269794739.
2699, 99961
What are the prime factors of 65981742?
2, 3, 10996957
What are the prime factors of 91826701?
91826701
List the prime factors of 547023833.
103, 5310911
List the prime factors of 8036304528.
2, 3, 7, 167, 197, 727
List the prime factors of 507878929.
3389, 149861
What are the prime factors of 2224215516?
2, 3, 127, 929, 1571
List the prime factors of 191383296.
2, 3, 13, 29, 661
List the prime factors of 98422248.
2, 3, 17, 149, 1619
List the prime factors of 807708136.
2, 97, 1040861
What are the prime factors of 152693277?
3, 11, 103, 167, 269
List the prime factors of 7428616.
2, 13, 71429
List the prime factors of 78314681.
37, 953, 2221
What are the prime factors of 188690572?
2, 7, 227, 4241
List the prime factors of 1262124436.
2, 5279, 59771
List the prime factors of 972580724.
2, 243145181
What are the prime factors of 54290624?
2, 113, 7507
List the prime factors of 1513606030.
2, 5, 79, 1915957
What are the prime factors of 2422206638?
2, 31, 1303, 29983
List the prime factors of 6277476890.
2, 5, 199, 3154511
List the prime factors of 963652942.
2, 7, 23, 2992711
List the prime factors of 640051251.
3, 7, 30478631
What are the prime factors of 140174008?
2, 13, 199, 521
List the prime factors of 153336854.
2, 11, 71, 89, 1103
List the prime factors of 55550025.
3, 5, 246889
What are the prime factors of 12377112?
2, 3, 11, 173, 271
What are the prime factors of 4110814840?
2, 5, 11, 23, 406207
What are the prime factors of 179347573?
179347573
What are the prime factors of 231704838?
2, 3, 29, 443879
List the prime factors of 91600771.
91600771
What are the prime factors of 39442165?
5, 7, 47, 23977
What are the prime factors of 308156867?
308156867
What are the prime factors of 22782736?
2, 1423921
List the prime factors of 5648677799.
5648677799
List the prime factors of 2010673279.
2010673279
What are the prime factors of 5359769498?
2, 2679884749
What are the prime factors of 34473022?
2, 523, 32957
What are the prime factors of 38717875?
5, 7, 44249
What are the prime factors of 195114442?
2, 2557, 38153
List the prime factors of 110659075.
5, 4426363
List the prime factors of 65387829.
3, 13, 1676611
What are the prime factors of 220724371?
7, 31, 331, 439
What are the prime factors of 712532776?
2, 251, 354847
List the prime factors of 467385844.
2, 107, 1092023
What are the prime factors of 1548662861?
37, 3539, 11827
List the prime factors of 531209149.
17, 31, 71, 14197
List the prime factors of 200704287.
3, 7, 107, 179, 499
List the prime factors of 1031967582.
2, 3, 1021, 168457
List the prime factors of 67152689.
67152689
What are the prime factors of 96844717?
29, 439, 7607
What are the prime factors of 50975845?
5, 10195169
List the prime factors of 172198098.
2, 3, 9566561
List the prime factors of 1122395251.
233, 439, 10973
What are the prime factors of 32419518?
2, 3, 631, 8563
List the prime factors of 631715444.
2, 17, 9289933
What are the prime factors of 21055742?
2, 113, 151, 617
List the prime factors of 60027672.
2, 3, 359, 6967
What are the prime factors of 324984434?
2, 23, 229, 30851
List the prime factors of 37859461.
3931, 9631
What are the prime factors of 513295360?
2, 5, 29, 3457
List the prime factors of 52685182.
2, 11, 31, 67, 1153
List the prime factors of 83594270.
2, 5, 17, 491731
What are the prime factors of 147489296?
2, 673, 13697
List the prime factors of 63118013.
7, 691, 13049
What are the prime factors of 141015523?
11, 41, 312673
What are the prime factors of 259690233?
3, 11, 19, 414179
List the prime factors of 59393390.
2, 5, 7, 53, 2287
What are the prime factors of 1790531049?
3, 41, 14557163
List the prime factors of 92877120.
2, 3, 5, 7, 17, 271
What are the prime factors of 1222441498?
2, 1091, 560239
What are the prime factors of 147798070?
2, 5, 7, 241, 8761
List the prime factors of 3832841967.
3, 281, 4546669
What are the prime factors of 109965428?
2, 179, 383, 401
What are the prime factors of 27302602?
2, 13651301
List the prime factors of 27753655.
5, 229, 24239
What are the prime factors of 56272427?
56272427
List the prime factor